{"id":950,"date":"2020-04-23T17:41:52","date_gmt":"2020-04-23T15:41:52","guid":{"rendered":"http:\/\/sindicatdebarri.org\/?page_id=950"},"modified":"2020-04-26T04:43:21","modified_gmt":"2020-04-26T02:43:21","slug":"comite-revolucionario-de-alimentos-del-poble-sec","status":"publish","type":"page","link":"https:\/\/sindicatdebarri.org\/index.php\/es\/comite-revolucionario-de-alimentos-del-poble-sec\/","title":{"rendered":"Comit\u00e9 Revolucionario de Alimentos del Poble Sec"},"content":{"rendered":"\n<figure class=\"wp-block-image size-large\"><img decoding=\"async\" loading=\"lazy\" width=\"618\" height=\"616\" src=\"http:\/\/sindicatdebarri.org\/wp-content\/uploads\/2020\/04\/logo.xarxa_.png\" alt=\"\" class=\"wp-image-994\" srcset=\"https:\/\/sindicatdebarri.org\/wp-content\/uploads\/2020\/04\/logo.xarxa_.png 618w, https:\/\/sindicatdebarri.org\/wp-content\/uploads\/2020\/04\/logo.xarxa_-300x300.png 300w, https:\/\/sindicatdebarri.org\/wp-content\/uploads\/2020\/04\/logo.xarxa_-150x150.png 150w\" sizes=\"(max-width: 618px) 100vw, 618px\" \/><\/figure>\n\n\n\n<div style=\"height:56px\" aria-hidden=\"true\" class=\"wp-block-spacer\"><\/div>\n\n\n<hr \/>\n<p>El Comit\u00e9 ha nacido\u00a0 precipitadamente en el comienzo de esta crisis sanitaria a partir de la experiencia previa de <em>la <\/em><strong>Xarxa d\u00b4Aliments del Poble Sec,<\/strong> organizaci\u00f3n comunitaria no caritativa y participativa, de recogida y distribuci\u00f3n de alimentos gratuitos enmarcada dentro del <strong>Sindicat de Barri del Poble Sec<\/strong> en asociaci\u00f3n con <strong>Espigoladors<\/strong>, proyecto de lucha contra el despilfarro y p\u00e9rdida de alimentos con una larga trayectoria y s\u00f3lida organizaci\u00f3n, adem\u00e1s del <strong>Ateneu Cooperatiu La Base<\/strong>, espacio para la lucha social y creaci\u00f3n de comunidad del barrio del Poble Sec.<\/p>\n<p>Se trata de una reacci\u00f3n ante el \u201cEstado de Alarma\u201d y la realidad que se est\u00e1 visibilizando ante nuestros ojos, esto es: el capitalismo es un sistema asesino que s\u00f3lo entiende de beneficios econ\u00f3micos, por lo cual tiene que someter la Vida en su totalidad a los criterios de la Econom\u00eda Pol\u00edtica. Nosotros nos ubicamos en defensa de la <em>Vida,<\/em> frente a la <em>Muerte<\/em> al que el capitalismo est\u00e1 ligado invariablemente.<\/p>\n<p>La falta de preparaci\u00f3n y la absoluta improvisaci\u00f3n a la que se ven obligados todos los poderes ante esta pandemia, ha creado un vac\u00edo en el que no nos ha quedado otro remedio que ocuparlo por nosotros mismos: velar en la medida de lo posible por la supervivencia de nuestra comunidad. Sabemos que gente nuestra del <em>Sindicat de Barri<\/em> est\u00e1 teniendo problemas para acceder a la comida por falta de dinero. Podemos deducir que hay mucha m\u00e1s gente en el barrio en la misma situaci\u00f3n, y en los pr\u00f3ximos d\u00edas intentaremos llegar a ellos por todos los medios.<\/p>\n<p><strong>Solo el pueblo salva al pueblo. Y lo hacemos gozosamente!<\/strong><\/p>","protected":false},"excerpt":{"rendered":"<p>El Comit\u00e9 ha nacido\u00a0 precipitadamente en el comienzo de esta crisis sanitaria a partir de la experiencia previa de la [&hellip;]<\/p>\n","protected":false},"author":1,"featured_media":0,"parent":0,"menu_order":0,"comment_status":"closed","ping_status":"closed","template":"","meta":[],"_links":{"self":[{"href":"https:\/\/sindicatdebarri.org\/index.php\/wp-json\/wp\/v2\/pages\/950"}],"collection":[{"href":"https:\/\/sindicatdebarri.org\/index.php\/wp-json\/wp\/v2\/pages"}],"about":[{"href":"https:\/\/sindicatdebarri.org\/index.php\/wp-json\/wp\/v2\/types\/page"}],"author":[{"embeddable":true,"href":"https:\/\/sindicatdebarri.org\/index.php\/wp-json\/wp\/v2\/users\/1"}],"replies":[{"embeddable":true,"href":"https:\/\/sindicatdebarri.org\/index.php\/wp-json\/wp\/v2\/comments?post=950"}],"version-history":[{"count":3,"href":"https:\/\/sindicatdebarri.org\/index.php\/wp-json\/wp\/v2\/pages\/950\/revisions"}],"predecessor-version":[{"id":996,"href":"https:\/\/sindicatdebarri.org\/index.php\/wp-json\/wp\/v2\/pages\/950\/revisions\/996"}],"wp:attachment":[{"href":"https:\/\/sindicatdebarri.org\/index.php\/wp-json\/wp\/v2\/media?parent=950"}],"curies":[{"name":"wp","href":"https:\/\/api.w.org\/{rel}","templated":true}]}}