{"id":430,"date":"2020-03-28T10:23:43","date_gmt":"2020-03-28T09:23:43","guid":{"rendered":"http:\/\/sindicatdebarri.org\/?page_id=430"},"modified":"2020-04-03T10:37:03","modified_gmt":"2020-04-03T08:37:03","slug":"el-poble-sec","status":"publish","type":"page","link":"https:\/\/sindicatdebarri.org\/index.php\/sindicat-de-barri-del-poble-sec\/el-barri\/el-poble-sec\/","title":{"rendered":"El Poble Sec"},"content":{"rendered":"<hr \/>\n<p><br \/><!--StartFragment--><\/p>\n\n\n<figure class=\"wp-block-image\"><img decoding=\"async\" loading=\"lazy\" width=\"1024\" height=\"375\" src=\"http:\/\/sindicatdebarri.org\/wp-content\/uploads\/2019\/11\/PSec.BASE-Model-1024x375.jpg\" alt=\"Poble Sec\" class=\"wp-image-216\" srcset=\"https:\/\/sindicatdebarri.org\/wp-content\/uploads\/2019\/11\/PSec.BASE-Model-1024x375.jpg 1024w, https:\/\/sindicatdebarri.org\/wp-content\/uploads\/2019\/11\/PSec.BASE-Model-300x110.jpg 300w, https:\/\/sindicatdebarri.org\/wp-content\/uploads\/2019\/11\/PSec.BASE-Model-768x281.jpg 768w\" sizes=\"(max-width: 1024px) 100vw, 1024px\" \/><\/figure>\n\n\n\n<hr class=\"wp-block-separator is-style-wide\"\/>\n\n\n\n<p>El Poble Sec \u00e9s un barri dens (si exceptuem Montju\u00efc) amb una poblaci\u00f3 actual d&#8217;unes 40.000 persones.<\/p>\n\n\n\n<p>La situaci\u00f3 de l&#8217;habitatge s&#8217;ha convertit en un malson per les que vivim al Poble Sec. Durant els \u00faltims dos anys els preus del lloguer han pujat en m\u00e9s del 30%, fent que la majoria dels ve\u00efns i ve\u00efnes li haguem de dedicar la major part dels nostres ingressos. Quan s&#8217;acaben els nous contractes de tres anys els propietaris i les ag\u00e8ncies immobili\u00e0ries et poden demanar el preu que vulguin. Qui no ho pot pagar va directament al carrer. I si necessites buscar un altre pis de lloguer, haur\u00e0s de pagar uns quants milers d&#8217;euros de dip\u00f2sit al propietari i d&#8217;honoraris a l&#8217;ag\u00e8ncia immobili\u00e0ria de torn.  <\/p>\n\n\n\n<p>Aquesta situaci\u00f3 no ha caigut del cel sin\u00f3 que t\u00e9 noms i cognoms:  <\/p>\n\n\n\n<p>Fons d&#8217;inversions internacionals que han descobert els grans beneficis que ofereix el mercat immobiliari en una ciutat tur\u00edstica com Barcelona. Una legislaci\u00f3 en mat\u00e8ria de lloguer que d\u00f3na totes les facilitats a la propietat. Uns propietaris locals que ja ho sabien i aprofiten la conjuntura. Unes ag\u00e8ncies immobili\u00e0ries que inflen els preus per augmentar les seves comissions. Una ind\u00fastria tur\u00edstica que margina i expulsa els ve\u00efns i ve\u00efnes dels barris c\u00e8ntrics de la ciutat. <\/p>\n\n\n\n<p>Davant aquesta situaci\u00f3 d&#8217;emerg\u00e8ncia, diferents entitats, espais i persones de barri hem decidit organitzar-nos, i fer front de forma col\u00b7lectiva a el proc\u00e9s d&#8217;expulsi\u00f3 que moltes patim soles, i en silenci.<\/p>\n\n\n<p><!--EndFragment--><br>\n<br>\n<\/p>","protected":false},"excerpt":{"rendered":"<p>El Poble Sec \u00e9s un barri dens (si exceptuem Montju\u00efc) amb una poblaci\u00f3 actual d&#8217;unes 40.000 persones. La situaci\u00f3 de [&hellip;]<\/p>\n","protected":false},"author":1,"featured_media":0,"parent":186,"menu_order":0,"comment_status":"closed","ping_status":"closed","template":"","meta":[],"_links":{"self":[{"href":"https:\/\/sindicatdebarri.org\/index.php\/wp-json\/wp\/v2\/pages\/430"}],"collection":[{"href":"https:\/\/sindicatdebarri.org\/index.php\/wp-json\/wp\/v2\/pages"}],"about":[{"href":"https:\/\/sindicatdebarri.org\/index.php\/wp-json\/wp\/v2\/types\/page"}],"author":[{"embeddable":true,"href":"https:\/\/sindicatdebarri.org\/index.php\/wp-json\/wp\/v2\/users\/1"}],"replies":[{"embeddable":true,"href":"https:\/\/sindicatdebarri.org\/index.php\/wp-json\/wp\/v2\/comments?post=430"}],"version-history":[{"count":2,"href":"https:\/\/sindicatdebarri.org\/index.php\/wp-json\/wp\/v2\/pages\/430\/revisions"}],"predecessor-version":[{"id":444,"href":"https:\/\/sindicatdebarri.org\/index.php\/wp-json\/wp\/v2\/pages\/430\/revisions\/444"}],"up":[{"embeddable":true,"href":"https:\/\/sindicatdebarri.org\/index.php\/wp-json\/wp\/v2\/pages\/186"}],"wp:attachment":[{"href":"https:\/\/sindicatdebarri.org\/index.php\/wp-json\/wp\/v2\/media?parent=430"}],"curies":[{"name":"wp","href":"https:\/\/api.w.org\/{rel}","templated":true}]}}

<hr />
<p><br /><!--StartFragment--></p>


<figure class="wp-block-image"><img decoding="async" loading="lazy" width="1024" height="375" src="http://sindicatdebarri.org/wp-content/uploads/2019/11/PSec.BASE-Model-1024x375.jpg" alt="Poble Sec" class="wp-image-216" srcset="https://sindicatdebarri.org/wp-content/uploads/2019/11/PSec.BASE-Model-1024x375.jpg 1024w, https://sindicatdebarri.org/wp-content/uploads/2019/11/PSec.BASE-Model-300x110.jpg 300w, https://sindicatdebarri.org/wp-content/uploads/2019/11/PSec.BASE-Model-768x281.jpg 768w" sizes="(max-width: 1024px) 100vw, 1024px" /></figure>



<hr class="wp-block-separator is-style-wide"/>



<p>El Poble Sec és un barri dens (si exceptuem Montjuïc) amb una població actual d&#8217;unes 40.000 persones.</p>



<p>La situació de l&#8217;habitatge s&#8217;ha convertit en un malson per les que vivim al Poble Sec. Durant els últims dos anys els preus del lloguer han pujat en més del 30%, fent que la majoria dels veïns i veïnes li haguem de dedicar la major part dels nostres ingressos. Quan s&#8217;acaben els nous contractes de tres anys els propietaris i les agències immobiliàries et poden demanar el preu que vulguin. Qui no ho pot pagar va directament al carrer. I si necessites buscar un altre pis de lloguer, hauràs de pagar uns quants milers d&#8217;euros de dipòsit al propietari i d&#8217;honoraris a l&#8217;agència immobiliària de torn.  </p>



<p>Aquesta situació no ha caigut del cel sinó que té noms i cognoms:  </p>



<p>Fons d&#8217;inversions internacionals que han descobert els grans beneficis que ofereix el mercat immobiliari en una ciutat turística com Barcelona. Una legislació en matèria de lloguer que dóna totes les facilitats a la propietat. Uns propietaris locals que ja ho sabien i aprofiten la conjuntura. Unes agències immobiliàries que inflen els preus per augmentar les seves comissions. Una indústria turística que margina i expulsa els veïns i veïnes dels barris cèntrics de la ciutat. </p>



<p>Davant aquesta situació d&#8217;emergència, diferents entitats, espais i persones de barri hem decidit organitzar-nos, i fer front de forma col·lectiva a el procés d&#8217;expulsió que moltes patim soles, i en silenci.</p>


<p><!--EndFragment--><br>
<br>
</p>

<p>El Poble Sec és un barri dens (si exceptuem Montjuïc) amb una població actual d&#8217;unes 40.000 persones. La situació de [&hellip;]</p>
