{"id":422,"date":"2020-03-21T16:33:26","date_gmt":"2020-03-21T15:33:26","guid":{"rendered":"http:\/\/sindicatdebarri.org\/?page_id=422"},"modified":"2020-04-03T10:37:40","modified_gmt":"2020-04-03T08:37:40","slug":"estructures-populars","status":"publish","type":"page","link":"https:\/\/sindicatdebarri.org\/index.php\/sindicat-de-barri-del-poble-sec\/estructures-populars\/","title":{"rendered":"Estructures Populars"},"content":{"rendered":"<p>Al Sindicat de Barri creiem que hem d&#8217;enfortir els lla\u00e7os dins del Sindicat i amb el ve\u00efnat m\u00e9s enll\u00e0 de les activitats habituals del Sindicat.<\/p>\n<p>Per aix\u00f2 fomentem activament la creaci\u00f3 i participaci\u00f3 en Estructures Populars al Poble Sec:<\/p>\n<p><strong>Xarxa d&#8217;Aliments del Poble Sec<\/strong><\/p>\n<p><strong>Grup de Dones del Sindicat de Barri<\/strong><\/p>\n<p><strong>Equip de Futbol del SdB<\/strong><\/p>\n<p><strong>Grup d&#8217;Autodefensa del SdB<\/strong><\/p>\n<p>&nbsp;<\/p>\n","protected":false},"excerpt":{"rendered":"<p>Al Sindicat de Barri creiem que hem d&#8217;enfortir els lla\u00e7os dins del Sindicat i amb el ve\u00efnat m\u00e9s enll\u00e0 de [&hellip;]<\/p>\n","protected":false},"author":1,"featured_media":0,"parent":168,"menu_order":0,"comment_status":"closed","ping_status":"closed","template":"","meta":[],"_links":{"self":[{"href":"https:\/\/sindicatdebarri.org\/index.php\/wp-json\/wp\/v2\/pages\/422"}],"collection":[{"href":"https:\/\/sindicatdebarri.org\/index.php\/wp-json\/wp\/v2\/pages"}],"about":[{"href":"https:\/\/sindicatdebarri.org\/index.php\/wp-json\/wp\/v2\/types\/page"}],"author":[{"embeddable":true,"href":"https:\/\/sindicatdebarri.org\/index.php\/wp-json\/wp\/v2\/users\/1"}],"replies":[{"embeddable":true,"href":"https:\/\/sindicatdebarri.org\/index.php\/wp-json\/wp\/v2\/comments?post=422"}],"version-history":[{"count":1,"href":"https:\/\/sindicatdebarri.org\/index.php\/wp-json\/wp\/v2\/pages\/422\/revisions"}],"predecessor-version":[{"id":423,"href":"https:\/\/sindicatdebarri.org\/index.php\/wp-json\/wp\/v2\/pages\/422\/revisions\/423"}],"up":[{"embeddable":true,"href":"https:\/\/sindicatdebarri.org\/index.php\/wp-json\/wp\/v2\/pages\/168"}],"wp:attachment":[{"href":"https:\/\/sindicatdebarri.org\/index.php\/wp-json\/wp\/v2\/media?parent=422"}],"curies":[{"name":"wp","href":"https:\/\/api.w.org\/{rel}","templated":true}]}}

<p>Al Sindicat de Barri creiem que hem d&#8217;enfortir els llaços dins del Sindicat i amb el veïnat més enllà de les activitats habituals del Sindicat.</p>
<p>Per això fomentem activament la creació i participació en Estructures Populars al Poble Sec:</p>
<p><strong>Xarxa d&#8217;Aliments del Poble Sec</strong></p>
<p><strong>Grup de Dones del Sindicat de Barri</strong></p>
<p><strong>Equip de Futbol del SdB</strong></p>
<p><strong>Grup d&#8217;Autodefensa del SdB</strong></p>
<p>&nbsp;</p>

<p>Al Sindicat de Barri creiem que hem d&#8217;enfortir els llaços dins del Sindicat i amb el veïnat més enllà de [&hellip;]</p>
