{"id":172,"date":"2019-11-15T19:12:04","date_gmt":"2019-11-15T18:12:04","guid":{"rendered":"http:\/\/sindicatdebarri.org\/?page_id=172"},"modified":"2020-03-30T19:30:29","modified_gmt":"2020-03-30T17:30:29","slug":"grups-de-treball","status":"publish","type":"page","link":"https:\/\/sindicatdebarri.org\/index.php\/sindicat-de-barri-del-poble-sec\/grups-de-treball\/","title":{"rendered":"Grups de Treball"},"content":{"rendered":"<hr>\n<h5>Al SdB ens trobem en assamblea setmanal. All\u00e0 prenem les decisions col\u00b7lectivament.<\/h5>\n<hr>\n<p>Per\u00f2 per poder treballar m\u00e9s \u00e0gilment i assumir tota la feina que el nostra lluita comporta, ens dividm en Grups de Treball que treballen i presenten les seves propostes a l&#8217;assemblea.<\/p>\n<p>S\u00f3n imprescindibles per poder tirar endavant.<\/p>\n<p>En concret, tenim els grups de treball d&#8217;Economia, Comunicaci\u00f3, Legal i Formaci\u00f3.<\/p>\n","protected":false},"excerpt":{"rendered":"<p>Al SdB ens trobem en assamblea setmanal. All\u00e0 prenem les decisions col\u00b7lectivament. Per\u00f2 per poder treballar m\u00e9s \u00e0gilment i assumir [&hellip;]<\/p>\n","protected":false},"author":1,"featured_media":0,"parent":168,"menu_order":0,"comment_status":"closed","ping_status":"closed","template":"","meta":[],"_links":{"self":[{"href":"https:\/\/sindicatdebarri.org\/index.php\/wp-json\/wp\/v2\/pages\/172"}],"collection":[{"href":"https:\/\/sindicatdebarri.org\/index.php\/wp-json\/wp\/v2\/pages"}],"about":[{"href":"https:\/\/sindicatdebarri.org\/index.php\/wp-json\/wp\/v2\/types\/page"}],"author":[{"embeddable":true,"href":"https:\/\/sindicatdebarri.org\/index.php\/wp-json\/wp\/v2\/users\/1"}],"replies":[{"embeddable":true,"href":"https:\/\/sindicatdebarri.org\/index.php\/wp-json\/wp\/v2\/comments?post=172"}],"version-history":[{"count":3,"href":"https:\/\/sindicatdebarri.org\/index.php\/wp-json\/wp\/v2\/pages\/172\/revisions"}],"predecessor-version":[{"id":534,"href":"https:\/\/sindicatdebarri.org\/index.php\/wp-json\/wp\/v2\/pages\/172\/revisions\/534"}],"up":[{"embeddable":true,"href":"https:\/\/sindicatdebarri.org\/index.php\/wp-json\/wp\/v2\/pages\/168"}],"wp:attachment":[{"href":"https:\/\/sindicatdebarri.org\/index.php\/wp-json\/wp\/v2\/media?parent=172"}],"curies":[{"name":"wp","href":"https:\/\/api.w.org\/{rel}","templated":true}]}}

<hr>
<h5>Al SdB ens trobem en assamblea setmanal. Allà prenem les decisions col·lectivament.</h5>
<hr>
<p>Però per poder treballar més àgilment i assumir tota la feina que el nostra lluita comporta, ens dividm en Grups de Treball que treballen i presenten les seves propostes a l&#8217;assemblea.</p>
<p>Són imprescindibles per poder tirar endavant.</p>
<p>En concret, tenim els grups de treball d&#8217;Economia, Comunicació, Legal i Formació.</p>

<p>Al SdB ens trobem en assamblea setmanal. Allà prenem les decisions col·lectivament. Però per poder treballar més àgilment i assumir [&hellip;]</p>
