{"id":1346,"date":"2023-11-24T15:28:59","date_gmt":"2023-11-24T14:28:59","guid":{"rendered":"http:\/\/sindicatdebarri.org\/?page_id=1346"},"modified":"2023-11-27T10:59:25","modified_gmt":"2023-11-27T09:59:25","slug":"el-miercoles-29-de-noviembre-todas-juntas-para-ganar","status":"publish","type":"page","link":"https:\/\/sindicatdebarri.org\/index.php\/es\/campanas\/el-miercoles-29-de-noviembre-todas-juntas-para-ganar\/","title":{"rendered":"\u26a1\ufe0f\u00a1El mi\u00e9rcoles 29 de noviembre todas juntas para ganar!\u26a1\ufe0f"},"content":{"rendered":"\n<p>A dos meses de haber detenido el primer lanzamiento, ya nos preparamos para afrontar el segundo intento de echar a Elo\u00edsa. Sabemos que no es el \u00fanico desahucio que habr\u00e1. Cada d\u00eda hay 23 en Catalu\u00f1a.<\/p>\n\n\n\n<p id=\"tw-target-text\">Todas nos enfrentamos a desahucios invisibles, subidas de precios y contratos abusivos. Sabemos que apoyais esta lucha y que siempre que pod\u00e9is se acerc\u00e1is a la puerta para poner el cuerpo. Y tambi\u00e9n que muchas simpatiz\u00e1is con nosotras cuando nos escuch\u00e1is en la radio en los debates con los especuladores.<\/p>\n\n\n\n<p id=\"tw-target-text\">Por todo ello os pedimos que hagamos un esfuerzo por estar todas haciendo un cambio de turno en el trabajo, cogiendo un d\u00eda de fiesta, bajando la persiana\u2026 1, 2, 3 horas, cada uno lo que pueda. <strong>Si ese d\u00eda, temprano, estamos todas, lo conseguiremos.<\/strong><\/p>\n\n\n\n<p><strong>&nbsp;\ud83d\udca5<\/strong> <strong>Mi\u00e9rcoles 29 de noviembre por la ma\u00f1ana (hora por confirmar), calle Parlament 1, Barcelona&nbsp;<\/strong>\ud83d\udca5<\/p>\n\n\n\n<p><strong><a rel=\"noreferrer noopener\" href=\"https:\/\/descontrol.cat\/form-view\/23?preview=true\" target=\"_blank\">Firma el manifiesto<\/a><\/strong><\/p>\n\n\n\n<figure class=\"wp-block-image size-full is-resized\"><img decoding=\"async\" loading=\"lazy\" src=\"http:\/\/sindicatdebarri.org\/wp-content\/uploads\/2023\/11\/image.png\" alt=\"\" class=\"wp-image-1350\" width=\"768\" height=\"768\" srcset=\"https:\/\/sindicatdebarri.org\/wp-content\/uploads\/2023\/11\/image.png 1024w, https:\/\/sindicatdebarri.org\/wp-content\/uploads\/2023\/11\/image-300x300.png 300w, https:\/\/sindicatdebarri.org\/wp-content\/uploads\/2023\/11\/image-150x150.png 150w, https:\/\/sindicatdebarri.org\/wp-content\/uploads\/2023\/11\/image-768x768.png 768w\" sizes=\"(max-width: 768px) 100vw, 768px\" \/><\/figure>\n\n\n\n<p><\/p>\n\n\n\n<p><strong><em>Firmantes:<\/em><\/strong><br>Descontrol Editorial<br>Lacol Arquitectura Cooperativa<br>ZUMZEIG CINECOOPERATIVA<br>Psicoopera<br>La Dinamo Fundaci\u00f3<br>LA PERA COMUNICACI\u00d3 SCCL<br>CoopNet SCCL<br>Associaci\u00f3 Arc\u00e0dia de Can Batll\u00f3<br>La Lleialtat Santsenca<br>Xarxa CooperaSec<br>Cuidem Montju\u00efc<br>Associaci\u00f3 M\u00e9s que Cures<br>Mujeres Unidas Entre Tierras MUET<br>Sindicat d&#8217;Habitatge de Gr\u00e0cia<br>La Raposa del Poble sec<br>Sindicat d&#8217;Habitatge de Vallcarca<br>Heura Negra<br>Sindicat d\u2019Habitatge de Nou Barris<br>Feministes del Poble-sec<br>Sindicat d&#8217;Habitatge de Cassoles<br>CREARSA SCCL<br>Associaci\u00f3 Cultural el Raval &#8211; el Lokal<br>Fem sant antoni<br>CooperAci\u00f3<br>Asamblea de defensa de derechos<br>Ateneu Cooperatiu La Base<br>Grup habitatge sants<br>Ateneu del Raval<\/p>\n","protected":false},"excerpt":{"rendered":"<p>A dos meses de haber detenido el primer lanzamiento, ya nos preparamos para afrontar el segundo intento de echar a [&hellip;]<\/p>\n","protected":false},"author":1,"featured_media":0,"parent":841,"menu_order":0,"comment_status":"closed","ping_status":"closed","template":"","meta":[],"_links":{"self":[{"href":"https:\/\/sindicatdebarri.org\/index.php\/wp-json\/wp\/v2\/pages\/1346"}],"collection":[{"href":"https:\/\/sindicatdebarri.org\/index.php\/wp-json\/wp\/v2\/pages"}],"about":[{"href":"https:\/\/sindicatdebarri.org\/index.php\/wp-json\/wp\/v2\/types\/page"}],"author":[{"embeddable":true,"href":"https:\/\/sindicatdebarri.org\/index.php\/wp-json\/wp\/v2\/users\/1"}],"replies":[{"embeddable":true,"href":"https:\/\/sindicatdebarri.org\/index.php\/wp-json\/wp\/v2\/comments?post=1346"}],"version-history":[{"count":6,"href":"https:\/\/sindicatdebarri.org\/index.php\/wp-json\/wp\/v2\/pages\/1346\/revisions"}],"predecessor-version":[{"id":1370,"href":"https:\/\/sindicatdebarri.org\/index.php\/wp-json\/wp\/v2\/pages\/1346\/revisions\/1370"}],"up":[{"embeddable":true,"href":"https:\/\/sindicatdebarri.org\/index.php\/wp-json\/wp\/v2\/pages\/841"}],"wp:attachment":[{"href":"https:\/\/sindicatdebarri.org\/index.php\/wp-json\/wp\/v2\/media?parent=1346"}],"curies":[{"name":"wp","href":"https:\/\/api.w.org\/{rel}","templated":true}]}}