{"id":889,"date":"2020-04-08T13:43:55","date_gmt":"2020-04-08T11:43:55","guid":{"rendered":"http:\/\/sindicatdebarri.org\/?page_id=889"},"modified":"2020-04-08T13:43:55","modified_gmt":"2020-04-08T11:43:55","slug":"el-barrio","status":"publish","type":"page","link":"http:\/\/sindicatdebarri.org\/index.php\/es\/sindicat-de-barri-del-poble-sec-2\/el-barrio\/","title":{"rendered":"El Barrio"},"content":{"rendered":"<hr class=\"wp-block-separator is-style-wide\" \/>\r\n\r\n\r\n<h5 class=\"wp-block-heading\">El Poble Sec<\/h5>\r\n\r\n\r\n<hr class=\"wp-block-separator is-style-wide\" \/>\r\n\r\n\r\n<figure class=\"wp-block-image\"><img decoding=\"async\" loading=\"lazy\" width=\"1024\" height=\"375\" class=\"wp-image-216\" src=\"http:\/\/sindicatdebarri.org\/wp-content\/uploads\/2019\/11\/PSec.BASE-Model-1024x375.jpg\" alt=\"Poble Sec\" srcset=\"http:\/\/sindicatdebarri.org\/wp-content\/uploads\/2019\/11\/PSec.BASE-Model-1024x375.jpg 1024w, http:\/\/sindicatdebarri.org\/wp-content\/uploads\/2019\/11\/PSec.BASE-Model-300x110.jpg 300w, http:\/\/sindicatdebarri.org\/wp-content\/uploads\/2019\/11\/PSec.BASE-Model-768x281.jpg 768w\" sizes=\"(max-width: 1024px) 100vw, 1024px\" \/><\/figure>\r\n\r\n\r\n<hr class=\"wp-block-separator is-style-wide\" \/>\r\n\r\n\r\n<p id=\"tw-target-text\" class=\"tw-data-text tw-text-large tw-ta\" dir=\"ltr\" data-placeholder=\"Traducci\u00f3\"><span lang=\"es\">El Poble Sec es un barrio denso (si exceptuamos Montju\u00efc) con una poblaci\u00f3n actual de unas 40.000 personas. <\/span><\/p>\r\n<p class=\"tw-data-text tw-text-large tw-ta\" dir=\"ltr\" data-placeholder=\"Traducci\u00f3\"><span lang=\"es\">La situaci\u00f3n de la vivienda se ha convertido en una pesadilla para las que vivimos en el Poble Sec. Durante los \u00faltimos dos a\u00f1os los precios del alquiler han subido en m\u00e1s del 30%, haciendo que la mayor\u00eda de los vecinos y vecinas le tengamos que dedicar la mayor parte de nuestros ingresos. Cuando se acaban los nuevos contratos de tres a\u00f1os los propietarios y las agencias inmobiliarias te pueden pedir el precio que quieran. Quien no lo puede pagar va directamente a la calle. Y si necesitas buscar otro piso de alquiler, tendr\u00e1s que pagar unos cuantos miles de euros de dep\u00f3sito al propietario y de honorarios a la agencia inmobiliaria de turno. <\/span><\/p>\r\n<p class=\"tw-data-text tw-text-large tw-ta\" dir=\"ltr\" data-placeholder=\"Traducci\u00f3\"><span lang=\"es\">Esta situaci\u00f3n no ha ca\u00eddo del cielo sino que tiene nombres y apellidos: <\/span><\/p>\r\n<p class=\"tw-data-text tw-text-large tw-ta\" dir=\"ltr\" data-placeholder=\"Traducci\u00f3\"><span lang=\"es\">Fondo de inversiones internacionales que han descubierto los grandes beneficios que ofrece el mercado inmobiliario en una ciudad tur\u00edstica como Barcelona. Una legislaci\u00f3n en materia de alquiler que da todas las facilidades a la propiedad. Unos propietarios locales que ya lo sab\u00edan y aprovechan la coyuntura. Unas agencias inmobiliarias que inflan los precios para aumentar sus comisiones. Una industria tur\u00edstica que margina y expulsa los vecinos y vecinas de los barrios c\u00e9ntricos de la ciudad. <\/span><\/p>\r\n<p class=\"tw-data-text tw-text-large tw-ta\" dir=\"ltr\" data-placeholder=\"Traducci\u00f3\"><span lang=\"es\">Ante esta situaci\u00f3n de emergencia, diferentes entidades, espacios y personas de barrio hemos decidido organizarnos, y hacer frente de forma colectiva a el proceso de expulsi\u00f3n que muchas sufrimos solas, y en silencio.<\/span><\/p>\r\n","protected":false},"excerpt":{"rendered":"<p>El Poble Sec El Poble Sec es un barrio denso (si exceptuamos Montju\u00efc) con una poblaci\u00f3n actual de unas 40.000 [&hellip;]<\/p>\n","protected":false},"author":1,"featured_media":0,"parent":826,"menu_order":0,"comment_status":"closed","ping_status":"closed","template":"","meta":[],"_links":{"self":[{"href":"http:\/\/sindicatdebarri.org\/index.php\/wp-json\/wp\/v2\/pages\/889"}],"collection":[{"href":"http:\/\/sindicatdebarri.org\/index.php\/wp-json\/wp\/v2\/pages"}],"about":[{"href":"http:\/\/sindicatdebarri.org\/index.php\/wp-json\/wp\/v2\/types\/page"}],"author":[{"embeddable":true,"href":"http:\/\/sindicatdebarri.org\/index.php\/wp-json\/wp\/v2\/users\/1"}],"replies":[{"embeddable":true,"href":"http:\/\/sindicatdebarri.org\/index.php\/wp-json\/wp\/v2\/comments?post=889"}],"version-history":[{"count":1,"href":"http:\/\/sindicatdebarri.org\/index.php\/wp-json\/wp\/v2\/pages\/889\/revisions"}],"predecessor-version":[{"id":890,"href":"http:\/\/sindicatdebarri.org\/index.php\/wp-json\/wp\/v2\/pages\/889\/revisions\/890"}],"up":[{"embeddable":true,"href":"http:\/\/sindicatdebarri.org\/index.php\/wp-json\/wp\/v2\/pages\/826"}],"wp:attachment":[{"href":"http:\/\/sindicatdebarri.org\/index.php\/wp-json\/wp\/v2\/media?parent=889"}],"curies":[{"name":"wp","href":"https:\/\/api.w.org\/{rel}","templated":true}]}}