{"id":871,"date":"2020-04-08T13:16:14","date_gmt":"2020-04-08T11:16:14","guid":{"rendered":"http:\/\/sindicatdebarri.org\/?page_id=871"},"modified":"2020-04-08T13:16:14","modified_gmt":"2020-04-08T11:16:14","slug":"quiero-ocupar","status":"publish","type":"page","link":"http:\/\/sindicatdebarri.org\/index.php\/es\/recursos-2\/que-hacer-si\/quiero-ocupar\/","title":{"rendered":"&#8230;quiero ocupar."},"content":{"rendered":"<p>Si has agotado todos los recursos y te encuentras sin casa o en un lugar que no tiene las condiciones dignas que deber\u00eda tener una vivienda.<br \/>\n<strong>Des de el Sindicat defensamos la ocupaci\u00f3n de pisos y casas de grandes propietarios, inmobiliarias, bancos, fondos de inversi\u00f3n y administraci\u00f3n como forma leg\u00edtima de acceder a una vivienda.<\/strong><\/p>\n<p><strong>M\u00e1s informaci\u00f3n:<\/strong><br \/>\n<strong>Informe Ockupaci\u00f3 Catalunya<\/strong><\/p>\n<p>\u00bfQu\u00e9 sabemos acerca de la ocupaci\u00f3n de viviendas vac\u00edas en Catalunya?<br \/>\n\u00bfPor qu\u00e9 se ocupa? \u00bfQu\u00e9 se ocupa? \u00bfQui\u00e9n ocupa y c\u00f3mo es su d\u00eda a d\u00eda?<\/p>\n<p>En la \u00faltima d\u00e9cada el n\u00famero de personas que viven ocupando ha aumentado a consecuencia de la situaci\u00f3n de emergencia y exclusi\u00f3n residencial, y con ello tambi\u00e9n el discurso p\u00fablico que criminaliza esta pr\u00e1ctica. Frente a esta situaci\u00f3n, hemos elaborado un informe con el objetivo de visibilizar lo qu\u00e9 hay detr\u00e1s de la ocupaci\u00f3n \u2013 entendida como forma de autodefensa del derecho a la vivienda.<\/p>\n<p>Esta investigaci\u00f3n es el primer estudio en profundidad acerca de la ocupaci\u00f3n de vivienda vac\u00eda en Catalunya y recoge estad\u00edsticas, referencias y relatos vitales procedentes de m\u00e1s de 600 hogares ocupados en 70 municipios. Es el resultado de m\u00e1s de un a\u00f1o de investigaci\u00f3n colectiva, rigurosa y militante, realizada con el compromiso<br \/>\nde muchxs compa\u00f1erxs que han compartido sus experiencias, luchas y reflexiones.<\/p>\n<p><a href=\"https:\/\/obrasocialbcn.net\/informe-ockupacio\/\">informe-ockupacio<\/a><\/p>\n","protected":false},"excerpt":{"rendered":"<p>Si has agotado todos los recursos y te encuentras sin casa o en un lugar que no tiene las condiciones [&hellip;]<\/p>\n","protected":false},"author":1,"featured_media":0,"parent":795,"menu_order":0,"comment_status":"closed","ping_status":"closed","template":"","meta":[],"_links":{"self":[{"href":"http:\/\/sindicatdebarri.org\/index.php\/wp-json\/wp\/v2\/pages\/871"}],"collection":[{"href":"http:\/\/sindicatdebarri.org\/index.php\/wp-json\/wp\/v2\/pages"}],"about":[{"href":"http:\/\/sindicatdebarri.org\/index.php\/wp-json\/wp\/v2\/types\/page"}],"author":[{"embeddable":true,"href":"http:\/\/sindicatdebarri.org\/index.php\/wp-json\/wp\/v2\/users\/1"}],"replies":[{"embeddable":true,"href":"http:\/\/sindicatdebarri.org\/index.php\/wp-json\/wp\/v2\/comments?post=871"}],"version-history":[{"count":1,"href":"http:\/\/sindicatdebarri.org\/index.php\/wp-json\/wp\/v2\/pages\/871\/revisions"}],"predecessor-version":[{"id":872,"href":"http:\/\/sindicatdebarri.org\/index.php\/wp-json\/wp\/v2\/pages\/871\/revisions\/872"}],"up":[{"embeddable":true,"href":"http:\/\/sindicatdebarri.org\/index.php\/wp-json\/wp\/v2\/pages\/795"}],"wp:attachment":[{"href":"http:\/\/sindicatdebarri.org\/index.php\/wp-json\/wp\/v2\/media?parent=871"}],"curies":[{"name":"wp","href":"https:\/\/api.w.org\/{rel}","templated":true}]}}