{"id":860,"date":"2020-04-08T12:26:52","date_gmt":"2020-04-08T10:26:52","guid":{"rendered":"http:\/\/sindicatdebarri.org\/?page_id=860"},"modified":"2020-04-08T12:44:00","modified_gmt":"2020-04-08T10:44:00","slug":"no-me-quieren-renovar-el-contrato","status":"publish","type":"page","link":"http:\/\/sindicatdebarri.org\/index.php\/es\/recursos-2\/que-hacer-si\/no-me-quieren-renovar-el-contrato\/","title":{"rendered":"&#8230;no me quieren renovar el contrato."},"content":{"rendered":"<ol>\n<li>Hay que asegurar que el propietario respete el termino m\u00ednimo de duraci\u00f3n del contrato y de la pr\u00f3rroga, en caso que haya.<\/li>\n<li>La comunicaci\u00f3n de la no renovaci\u00f3n debe ser 30 d\u00edas antes de la finalizaci\u00f3n del contrato y mediante un documento que acredite el contenido y la fecha de entrega (ex. burofax). NO SIRVE una llamada telef\u00f3nica o una carta informal. Si recibes una llamada o una carta no contestes, eso dar\u00e1 m\u00e1s tiempo para que vuelvan a escribir y quiz\u00e1s se agote el plazo de 30 d\u00edas.<\/li>\n<\/ol>\n<p>\u00bfQu\u00e9 pasa si el contrato ha llegado al final de la duraci\u00f3n establecida y mi arrendador no ha notificado su voluntad de finalizarlo?<\/p>\n<p>Seg\u00fan el art\u00edculo 1556 del C\u00f3digo Civil si despu\u00e9s de la finalizaci\u00f3n del contrato permaneces en el piso m\u00e1s de 15 d\u00edas con el consentimiento del arrendador y NO te ha requerido que lo abandones el contrato seguir\u00e1 en vigor:<\/p>\n<ul>\n<li>a) Por a\u00f1os cuando el alquiler sea anual, se prorroga de a\u00f1o en a\u00f1o.<\/li>\n<li>b) Por meses cuando el alquiler sea mensual, se prorroga de mes en mes.<\/li>\n<li>c) Por d\u00edas cuando el alquiler sea diario, se prorroga de d\u00eda en d\u00eda.<\/li>\n<\/ul>\n<p><strong>E ir a la asamblea del Sindicat de Barri y exponer tu caso para afrontarlo colectivamente!!<\/strong><\/p>\n","protected":false},"excerpt":{"rendered":"<p>Hay que asegurar que el propietario respete el termino m\u00ednimo de duraci\u00f3n del contrato y de la pr\u00f3rroga, en caso [&hellip;]<\/p>\n","protected":false},"author":1,"featured_media":0,"parent":795,"menu_order":0,"comment_status":"closed","ping_status":"closed","template":"","meta":[],"_links":{"self":[{"href":"http:\/\/sindicatdebarri.org\/index.php\/wp-json\/wp\/v2\/pages\/860"}],"collection":[{"href":"http:\/\/sindicatdebarri.org\/index.php\/wp-json\/wp\/v2\/pages"}],"about":[{"href":"http:\/\/sindicatdebarri.org\/index.php\/wp-json\/wp\/v2\/types\/page"}],"author":[{"embeddable":true,"href":"http:\/\/sindicatdebarri.org\/index.php\/wp-json\/wp\/v2\/users\/1"}],"replies":[{"embeddable":true,"href":"http:\/\/sindicatdebarri.org\/index.php\/wp-json\/wp\/v2\/comments?post=860"}],"version-history":[{"count":1,"href":"http:\/\/sindicatdebarri.org\/index.php\/wp-json\/wp\/v2\/pages\/860\/revisions"}],"predecessor-version":[{"id":861,"href":"http:\/\/sindicatdebarri.org\/index.php\/wp-json\/wp\/v2\/pages\/860\/revisions\/861"}],"up":[{"embeddable":true,"href":"http:\/\/sindicatdebarri.org\/index.php\/wp-json\/wp\/v2\/pages\/795"}],"wp:attachment":[{"href":"http:\/\/sindicatdebarri.org\/index.php\/wp-json\/wp\/v2\/media?parent=860"}],"curies":[{"name":"wp","href":"https:\/\/api.w.org\/{rel}","templated":true}]}}