{"id":756,"date":"2020-04-02T13:55:44","date_gmt":"2020-04-02T11:55:44","guid":{"rendered":"http:\/\/sindicatdebarri.org\/?page_id=593"},"modified":"2023-05-24T14:26:03","modified_gmt":"2023-05-24T12:26:03","slug":"huelga-de-alquileres","status":"publish","type":"page","link":"http:\/\/sindicatdebarri.org\/index.php\/es\/campanas\/campanas-pasades\/huelga-de-alquileres\/","title":{"rendered":"HUELGA DE ALQUILERES"},"content":{"rendered":"\r\n<ul>\r\n<li>\n<h4><strong><a href=\"https:\/\/suspensionalquileres.org\/formulario\/\">Unirse a la huelga<\/a><\/strong><\/h4>\r\n<\/li>\r\n<li>\n<h4><strong><a href=\"http:\/\/sindicatdebarri.org\/index.php\/demandes-de-la-vaga-de-lloguers\/\">Exigencias de la huelga de alquileres<\/a><\/strong><\/h4>\r\n<\/li>\r\n<li>\n<h4><strong><a href=\"http:\/\/sindicatdebarri.org\/index.php\/preguntes-frequents\/\">Preguntas frecuentes<\/a><\/strong><\/h4>\r\n<\/li>\r\n<li>\n<h4><strong><a href=\"http:\/\/sindicatdebarri.org\/wp-content\/uploads\/2020\/04\/Miniguia-Vaga-de-Lloguers-VKK-3.2.pdf\">Minigu\u00eda: C\u00f3mo participar en una huelga de alquiler<\/a><\/strong><\/h4>\r\n<\/li>\r\n<li>\n<h4><strong><a href=\"https:\/\/ca.goteo.org\/project\/caja-de-resistencia-huelga-de-alquileres\">Caja de resistencia<\/a><\/strong><\/h4>\r\n<\/li>\r\n<li>\n<h4><strong><a href=\"http:\/\/sindicatdebarri.org\/index.php\/material-dinteres\/\">Material de inter\u00e9s<\/a><\/strong><\/h4>\r\n<\/li>\r\n<\/ul>\r\n\r\n\r\n\r\n<p>\u00a0<\/p>\r\n\r\n<p align=\"LEFT\"><span lang=\"es-es\">\u00bfHas perdido tus ingresos por la situaci\u00f3n del confinamiento? An<strong>tes de endeudarte o dejar de cubrir las necesidades b\u00e1sicas, deja de pagar el alquiler. <\/strong><br \/>Los colectivos de vivienda de todo el Estado han preparado una respuesta conjunta y coordinada. De esta situaci\u00f3n saldremos como sabemos que es posible: Uni<strong>das, organizadas y actuando por nuestros derechos y por una vida digna.<\/strong><\/span><strong><span lang=\"es-es\">\u2028\u2028<\/span><\/strong><\/p>\r\n<p align=\"LEFT\"><img decoding=\"async\" loading=\"lazy\" class=\"aligncenter wp-image-598\" src=\"http:\/\/sindicatdebarri.org\/wp-content\/uploads\/2020\/04\/PUNY-Q-CAT-300x300.png\" alt=\"\" width=\"550\" height=\"550\" srcset=\"http:\/\/sindicatdebarri.org\/wp-content\/uploads\/2020\/04\/PUNY-Q-CAT-300x300.png 300w, http:\/\/sindicatdebarri.org\/wp-content\/uploads\/2020\/04\/PUNY-Q-CAT-150x150.png 150w, http:\/\/sindicatdebarri.org\/wp-content\/uploads\/2020\/04\/PUNY-Q-CAT-768x768.png 768w, http:\/\/sindicatdebarri.org\/wp-content\/uploads\/2020\/04\/PUNY-Q-CAT.png 1000w\" sizes=\"(max-width: 550px) 100vw, 550px\" \/><\/p>\r\n<p align=\"LEFT\"><span lang=\"es-es\">La situaci\u00f3n actual no puede ser m\u00e1s alarmante, y no s\u00f3lo a nivel de salud, sino tambi\u00e9n econ\u00f3mico y social.<br \/><\/span><span lang=\"es-es\"> Las medidas adoptadas por el Ejecutivo en relaci\u00f3n con el estado de alarma que decret\u00f3 por el Covid-19 son marcadamente anti-obreras (con la facilidad del ERTO) y que se limitan a la superficie (moratoria limitada de las hipotecas) ignorando lo b\u00e1sico: Mil<strong>es de familias que viven al d\u00eda, que sobreviven con empleos sin salario, que han sido despedidos fraudulentamente y en casa no tienen ning\u00fan ingreso debido al confinamiento, est\u00e1n expuestas a la imposibilidad de tramitar el pago del alquiler.<\/strong><\/span><\/p>\r\n<p align=\"LEFT\"><span lang=\"es-es\">Los sectores m\u00e1s empobrecimientos de la poblaci\u00f3n, como las inquilinas, las migrantes, las personas sin hogar, las trabajadoras dom\u00e9sticas, precarias, han sido completamente relegados e ignorados, como si<br \/>empre. M\u00e1s de 200 colectivos se han unido a esta huelga de alquiler para exigir que el gobierno medidas para cubrir los derechos m\u00e1s b\u00e1sicos durante el confinamiento. Las peticiones son claras:<\/span><\/p>\r\n<p align=\"LEFT\"><strong><span lang=\"es-es\">\u2013 Suspensi\u00f3n del pago del alquiler y de las hipotecas de la vivienda principal.<\/span><\/strong><\/p>\r\n<p><strong>\u2013 Suspensi\u00f3n del pago de suministros b\u00e1sicos de agua, electricidad y gas.<\/strong><\/p>\r\n<p><strong>\u2013 Poner las viviendas vac\u00edas a disposici\u00f3n de personas que no las tienen.<\/strong><\/p>\r\n<p align=\"LEFT\"><span lang=\"es-es\">Puedes leerlos con m\u00e1s detalle <a href=\"http:\/\/sindicatdebarri.org\/index.php\/demandes-de-la-vaga-de-lloguers\/\"><strong>AQUI<\/strong><strong>.<\/strong><\/a><\/span><\/p>\r\n<p><span lang=\"es-es\">Por esta raz\u00f3n, LL<\/span><strong><span lang=\"es-es\">AMAMOS A TODAS LAS INQUILINAS A SECUNDAR LA HUELGA DE ALQUILERES A PARTIR DEL 1 DE ABRIL DE 2020, que muchos grup<\/span><\/strong><span lang=\"es-es\">os, plataformas y sindicatos han convocado, tambi\u00e9n a nivel internacional (de Estados Unidos, Canad\u00e1, Reino Unido, Suecia, Chile&#8230; Y los que se a\u00f1adir\u00e1n).<\/span><\/p>\r\n<p><img decoding=\"async\" loading=\"lazy\" class=\"aligncenter wp-image-600\" src=\"http:\/\/sindicatdebarri.org\/wp-content\/uploads\/2020\/04\/GR\u00c0FIC-QUADRAT-CAT-300x300.png\" alt=\"\" width=\"550\" height=\"550\" srcset=\"http:\/\/sindicatdebarri.org\/wp-content\/uploads\/2020\/04\/GR\u00c0FIC-QUADRAT-CAT-300x300.png 300w, http:\/\/sindicatdebarri.org\/wp-content\/uploads\/2020\/04\/GR\u00c0FIC-QUADRAT-CAT-1024x1024.png 1024w, http:\/\/sindicatdebarri.org\/wp-content\/uploads\/2020\/04\/GR\u00c0FIC-QUADRAT-CAT-150x150.png 150w, http:\/\/sindicatdebarri.org\/wp-content\/uploads\/2020\/04\/GR\u00c0FIC-QUADRAT-CAT-768x768.png 768w, http:\/\/sindicatdebarri.org\/wp-content\/uploads\/2020\/04\/GR\u00c0FIC-QUADRAT-CAT.png 1200w\" sizes=\"(max-width: 550px) 100vw, 550px\" \/><\/p>\r\n<h4><strong><span lang=\"es-es\">\u00bfCu\u00e1les son los siguientes pasos?<\/span><\/strong><\/h4>\r\n<p><span lang=\"es-es\">Por el momento, los primeros pasos que tienes que seguir para unirte a la campa\u00f1a y contar con todo nuestro apoyo son f\u00e1ciles:<br \/><\/span><\/p>\r\n<p><strong>\u2013 Reg\u00edstrate para el formulario que encontrar\u00e1s en la secci\u00f3n &quot;S\u00famate&quot; del<a href=\"https:\/\/suspensionalquileres.org\/formulario\/\"> sitio web: https:\/\/suspensionalquileres.org\/fo<\/a>r<\/strong><br \/>mulario\/. Es muy importante que lo completes para a\u00f1adirte a la red nacional en la que participa el Sindicat de Barri del Poble Sec y para recibir informaci\u00f3n sobre los pr\u00f3ximos pasos.<\/p>\r\n<p>\u2013 Participar activamente <strong>en el Sindicato Barri de Pob<\/strong><strong>l<\/strong><br \/>e Sec. Cont\u00e1ctanos: <strong><a href=\"mailto:poblesec@sindicatdebarri.org\">poblesec@sindicatdebarri.org<\/a><\/strong><br \/> Si vives en otro barrio, pued<strong>es consultar el grupo de vivienda <\/strong>m\u00e1s cercano a ti haciendo clic <strong><a href=\"https:\/\/suspensionalquileres.org\/quienes-somos\/\">AQUI<\/a>.<\/strong><\/p>\r\n<p>\u2013 Si no hay ning\u00fan comit\u00e9 de huelga de alquiler cerca de su casa, habla con los vecinos y prep\u00e1ralos con el ejemplo: Organizarse. <br \/>Hemos elaborado u<strong>na breve <\/strong>gu\u00eda que tambi\u00e9n puedes ayudar a resolver cualquier duda, puedes consultar<a href=\"http:\/\/sindicatdebarri.org\/wp-content\/uploads\/2020\/04\/Miniguia-Vaga-de-Lloguers-VKK-3.2.pdf\"><strong> Aqu<\/strong><\/a><strong>i.<\/strong><\/p>\r\n<p>\u2013 Descarga la aplicaci\u00f3n Telegram Mensajer\u00eda: https:\/\/telegram.org y \u00fanete al canal Sindicat de Barri del Poble Sec: https:\/\/t.me\/SindicatPobleSec, vamos a actualizar la informaci\u00f3n relevante de forma m\u00e1s constante, sin ning\u00fan SPAM!<\/p>\r\n<p><span lang=\"es-es\">\u2013 Por \u00faltimo, si puedes ofrecer apoyo comunicativo a la huelga, te agradecer\u00edamos que hagas un video-selfie explicando tu situac<\/span><span lang=\"es-es\"><b>i\u00f3n y difu<\/b><\/span><span lang=\"es-es\">ndiendo para tus redes sociales (Facebook, Twitter, Instagram, WhatsApp, Telegram&#8230;), con el siguiente has<strong><a href=\"https:\/\/twitter.com\/search?q=%23HuelgaAlquileres&amp;src=typeahead_click\">htag #HuelgaAlqui<\/a>l<\/strong><br \/>eres. Que corra de la voz entre todos tus conoci<strong>dos: que todos los inquilinos conozcan esta lucha!<\/strong><\/span><\/p>\r\n<p align=\"LEFT\"><span lang=\"es-es\">Si tiene dudas o preguntas, haga <a href=\"http:\/\/sindicatdebarri.org\/index.php\/preguntes-frequents\/\"><strong>clic<\/strong><\/a> AQUI para ver la<strong>s &quot;FAQ&quot;, encontrar\u00e1s<\/strong> informaci\u00f3n \u00fatil sobre la huelga de alquileres.<\/span><\/p>\r\n<p>Recuerda que no est\u00e1s sola. Cuando te a\u00f1ades a la huelga, adem\u00e1s de incorporar tu caso individual a una demanda colectiva, entras en contacto con una red estatal de afectados que cuenta con abogados y gente que trabaja para todas, as\u00ed como una caja de resist\u00e9ncia para los gastos que se pueden generar, haz clic AQUI para obtener m\u00e1s informaci\u00f3n.<\/p>\r\n<p><img decoding=\"async\" loading=\"lazy\" class=\"aligncenter wp-image-602\" src=\"http:\/\/sindicatdebarri.org\/wp-content\/uploads\/2020\/04\/GUARDIOLA-Q-CAT.png\" alt=\"\" width=\"550\" height=\"550\" srcset=\"http:\/\/sindicatdebarri.org\/wp-content\/uploads\/2020\/04\/GUARDIOLA-Q-CAT.png 1000w, http:\/\/sindicatdebarri.org\/wp-content\/uploads\/2020\/04\/GUARDIOLA-Q-CAT-300x300.png 300w, http:\/\/sindicatdebarri.org\/wp-content\/uploads\/2020\/04\/GUARDIOLA-Q-CAT-150x150.png 150w, http:\/\/sindicatdebarri.org\/wp-content\/uploads\/2020\/04\/GUARDIOLA-Q-CAT-768x768.png 768w\" sizes=\"(max-width: 550px) 100vw, 550px\" \/><\/p>\r\n<p>\u00a0<\/p>\r\n<h3 align=\"LEFT\"><span lang=\"es-es\"><b>Nos sobran los motivos para proclamar a partir de este 1-A:<\/b><\/span><\/h3>\r\n<h3 align=\"LEFT\"><span lang=\"es-es\"><b>\u00a1HUELGA GENERAL E INDEFINIDA DE ALQUILER! S<br \/><\/b><\/span><span lang=\"es-es\"><b>I NO COBRAMOS, NO PAGAMOS.<\/b><\/span><\/h3>\r\n<p>\u00a0<\/p>\r\n<p><img decoding=\"async\" loading=\"lazy\" class=\"aligncenter wp-image-603\" src=\"http:\/\/sindicatdebarri.org\/wp-content\/uploads\/2020\/04\/NO-COBREM-NO-PAGUEM-300x300.png\" alt=\"\" width=\"550\" height=\"550\" srcset=\"http:\/\/sindicatdebarri.org\/wp-content\/uploads\/2020\/04\/NO-COBREM-NO-PAGUEM-300x300.png 300w, http:\/\/sindicatdebarri.org\/wp-content\/uploads\/2020\/04\/NO-COBREM-NO-PAGUEM-1024x1024.png 1024w, http:\/\/sindicatdebarri.org\/wp-content\/uploads\/2020\/04\/NO-COBREM-NO-PAGUEM-150x150.png 150w, http:\/\/sindicatdebarri.org\/wp-content\/uploads\/2020\/04\/NO-COBREM-NO-PAGUEM-768x767.png 768w, http:\/\/sindicatdebarri.org\/wp-content\/uploads\/2020\/04\/NO-COBREM-NO-PAGUEM.png 1201w\" sizes=\"(max-width: 550px) 100vw, 550px\" \/><\/p>","protected":false},"excerpt":{"rendered":"<p>Unirse a la huelga Exigencias de la huelga de alquileres Preguntas frecuentes Minigu\u00eda: C\u00f3mo participar en una huelga de alquiler [&hellip;]<\/p>\n","protected":false},"author":1,"featured_media":0,"parent":735,"menu_order":0,"comment_status":"closed","ping_status":"closed","template":"","meta":[],"_links":{"self":[{"href":"http:\/\/sindicatdebarri.org\/index.php\/wp-json\/wp\/v2\/pages\/756"}],"collection":[{"href":"http:\/\/sindicatdebarri.org\/index.php\/wp-json\/wp\/v2\/pages"}],"about":[{"href":"http:\/\/sindicatdebarri.org\/index.php\/wp-json\/wp\/v2\/types\/page"}],"author":[{"embeddable":true,"href":"http:\/\/sindicatdebarri.org\/index.php\/wp-json\/wp\/v2\/users\/1"}],"replies":[{"embeddable":true,"href":"http:\/\/sindicatdebarri.org\/index.php\/wp-json\/wp\/v2\/comments?post=756"}],"version-history":[{"count":1,"href":"http:\/\/sindicatdebarri.org\/index.php\/wp-json\/wp\/v2\/pages\/756\/revisions"}],"predecessor-version":[{"id":1047,"href":"http:\/\/sindicatdebarri.org\/index.php\/wp-json\/wp\/v2\/pages\/756\/revisions\/1047"}],"up":[{"embeddable":true,"href":"http:\/\/sindicatdebarri.org\/index.php\/wp-json\/wp\/v2\/pages\/735"}],"wp:attachment":[{"href":"http:\/\/sindicatdebarri.org\/index.php\/wp-json\/wp\/v2\/media?parent=756"}],"curies":[{"name":"wp","href":"https:\/\/api.w.org\/{rel}","templated":true}]}}