{"id":360,"date":"2019-12-05T23:07:09","date_gmt":"2019-12-05T22:07:09","guid":{"rendered":"http:\/\/sindicatdebarri.org\/?page_id=360"},"modified":"2020-04-07T11:58:52","modified_gmt":"2020-04-07T09:58:52","slug":"tourists-not-welcome","status":"publish","type":"page","link":"http:\/\/sindicatdebarri.org\/index.php\/sindicat-de-barri-del-poble-sec\/tourists-not-welcome\/","title":{"rendered":"Tourists not welcome!"},"content":{"rendered":"<hr \/>\n<h4>Des del Sindicat de Barri del Poble Sec defensarem sempre un barri acollidor i inclusiu, sense distincions entre les ve\u00efnes segons el seu origen o el temps que fa que viuen al barri, un barri on totes les noves ve\u00efnes hi siguin benvingudes.<\/h4>\n<hr \/>\n<p><strong>Alhora, estarem contundentment en contra d&#8217;un barri convertit en atracci\u00f3 tur\u00edstica. No volem formar part d&#8217;un projecte de ciutat-aparador que, per tal d&#8217;atraure els interessos del turisme, expulsi les ve\u00efnes del barri i el buidi de contingut vital, deixant nom\u00e9s un bonic envoltori pel gaudi del turisme.<\/strong><\/p>\n<p><strong>Ens trobem un barri amb una pressi\u00f3 tur\u00edstica extrema i desbocada. Hi estem totalment en contra i la volem combatre. Tourists not welcome!<\/strong><\/p>\n<hr \/>\n<p><strong>Tens un pis tur\u00edstic al costat de casa?<\/strong><\/p>\n<p>Com pots fer-li front?<\/p>\n<ul>\n<li>Comproba si \u00e9s legal. Per fer-ho, pots consultar la llista d\u2019apartaments tur\u00edstics que hi ha en aquestes webs:<\/li>\n<\/ul>\n<p>http:\/\/meet.barcelona.cat\/habitatgesturistics\/<\/p>\n<p><a href=\"http:\/\/sindicatdebarri.org\">www.sindicatdebarri.org<\/a><\/p>\n<ul>\n<li>Avisa\u2019ns, al Sindicat de Barri, i l\u2019afegirem a una llista d\u2019apartaments tur\u00edstics il\u00b7legals.<\/li>\n<\/ul>\n<p><strong>Per qu\u00e8 no ens agraden els apartaments tur\u00edstics?<\/strong><\/p>\n<p>Els apartaments d\u2019\u00fas tur\u00edstic a Barcelona son espais d\u2019habitatge que enlloc d\u2019allotjar a persones o fam\u00edlies que viuen a la ciutat, s\u2019utilitzen per especular i guanyar diners amb el sector tur\u00edstic. Aix\u00f2 fa que la oferta de pisos per viure-hi baixi i, per tant, els preus pugin. Aix\u00ed funciona la llei de l\u2019oferta i la demanda. Per\u00f2 la cosa no acaba aqu\u00ed: per un propietari \u00e9s molt m\u00e9s rendible llogar un pis a turistes que a persones de la ciutat, ja que generalment els turistes estan disposats a gastar m\u00e9s diners per un allotjament (puntual, en el seu cas).<\/p>\n<p>Per tant, mentre una barcelonina pot pagar 500\u20ac al mes per un pis, un turista pot pagar entre 50 i 100 euros per nit, que significa entre 1.500 i 3.000\u20ac al m\u00e9s!<\/p>\n<p><strong>Airb&amp;b, especular o sobreviure?<\/strong><\/p>\n<p>Airb&amp;b ofereix una nova manera d\u2019especular amb l\u2019habitatge i el turisme a la ciutat.<\/p>\n<p>Mentre algunes persones lloguen circumstancialment alguna de les habitacions que tenen al seu habitatge amb l\u2019objectiu d\u2019arribar a finals de mes, n\u2019hi ha d\u2019altres que directament relloguen el pis per treure\u2019n profit. En son la majoria. Des del Sindicat de Barri entenem que les circumst\u00e0ncies no son les mateixes.<\/p>\n<p><strong>Viure rodejat de \u201cguiris\u201d<\/strong><\/p>\n<p>En una poblaci\u00f3 de un 1.600.000 habitants, a la ciutat de Barcelona hi arriben m\u00e9s d\u201911 milions de turistes anuals. Aix\u00f2 fa que fa que la conviv\u00e8ncia sigui inc\u00f2moda, que el preu de l\u2019habitatge pugi i que els carrers s\u2019omplin de persones a les que probablement no tornis a veure mai m\u00e9s. Quan els turistes estan al teu edifici, la situaci\u00f3 pot empitjorar for\u00e7a. No nom\u00e9s pels sorolls, els horaris i la conviv\u00e8ncia, tamb\u00e9 per la p\u00e8rdua de les ve\u00efnes de tota la vida, amb qui \u00e9s mes senzill establir vincles i crear comunitat.<\/p>\n","protected":false},"excerpt":{"rendered":"<p>Des del Sindicat de Barri del Poble Sec defensarem sempre un barri acollidor i inclusiu, sense distincions entre les ve\u00efnes [&hellip;]<\/p>\n","protected":false},"author":1,"featured_media":0,"parent":168,"menu_order":0,"comment_status":"closed","ping_status":"closed","template":"","meta":[],"_links":{"self":[{"href":"http:\/\/sindicatdebarri.org\/index.php\/wp-json\/wp\/v2\/pages\/360"}],"collection":[{"href":"http:\/\/sindicatdebarri.org\/index.php\/wp-json\/wp\/v2\/pages"}],"about":[{"href":"http:\/\/sindicatdebarri.org\/index.php\/wp-json\/wp\/v2\/types\/page"}],"author":[{"embeddable":true,"href":"http:\/\/sindicatdebarri.org\/index.php\/wp-json\/wp\/v2\/users\/1"}],"replies":[{"embeddable":true,"href":"http:\/\/sindicatdebarri.org\/index.php\/wp-json\/wp\/v2\/comments?post=360"}],"version-history":[{"count":4,"href":"http:\/\/sindicatdebarri.org\/index.php\/wp-json\/wp\/v2\/pages\/360\/revisions"}],"predecessor-version":[{"id":365,"href":"http:\/\/sindicatdebarri.org\/index.php\/wp-json\/wp\/v2\/pages\/360\/revisions\/365"}],"up":[{"embeddable":true,"href":"http:\/\/sindicatdebarri.org\/index.php\/wp-json\/wp\/v2\/pages\/168"}],"wp:attachment":[{"href":"http:\/\/sindicatdebarri.org\/index.php\/wp-json\/wp\/v2\/media?parent=360"}],"curies":[{"name":"wp","href":"https:\/\/api.w.org\/{rel}","templated":true}]}}