{"id":339,"date":"2019-12-05T20:46:28","date_gmt":"2019-12-05T19:46:28","guid":{"rendered":"http:\/\/sindicatdebarri.org\/?page_id=339"},"modified":"2020-04-03T09:54:16","modified_gmt":"2020-04-03T07:54:16","slug":"vull-ocupar","status":"publish","type":"page","link":"http:\/\/sindicatdebarri.org\/index.php\/recursos\/que-fer-si\/vull-ocupar\/","title":{"rendered":"&#8230;vull ocupar."},"content":{"rendered":"<p>Si has esgotat tots els recursos i et trobes que no tens una casa on viure, o et trobes que ho has de fer en un lloc que no t\u00e9 les condicions m\u00ednimes de dignitat per viure-hi&#8230;<\/p>\n<p>&#8230;des del Sindicat de Barri defensem l\u2019ocupaci\u00f3 de pisos i cases de grans propietaris i tenidors, immobili\u00e0ries, bancs, fons d\u2019inversi\u00f3 i administraci\u00f3 com a manera leg\u00edtima d\u2019accedir a un habitatge.<\/p>\n<hr>\n<p>Per si en vols m\u00e9s informaci\u00f3:<\/p>\n<p>Informe Ockupaci\u00f3 Catalunya<\/p>\n<p>Qu\u00e8 en sabem de l\u2019ocupaci\u00f3 d\u2019habitatges buits a Catalunya?<\/p>\n<p>Per qu\u00e8 s\u2019ocupa? Qu\u00e8 s\u2019ocupa? Qui ocupa i com \u00e9s el seu dia a dia?<\/p>\n<p>A l\u2019\u00faltima d\u00e8cada el n\u00famero de persones que viuen ocupant ha augmentat com a conseq\u00fc\u00e8ncia de la situaci\u00f3 d\u2019emerg\u00e8ncia i exclusi\u00f3 residencial, i amb tot aix\u00f2 tamb\u00e9 el discurs p\u00fablic que criminalitza aquesta pr\u00e0ctica.<\/p>\n<p>Davant d\u2019aquesta realitat, hem elaborat un informe amb l\u2019objectiu de visibilitzar el que hi ha darrera de l\u2019ocupaci\u00f3, entesa com a forma d\u2019autodefensa del dret a l\u2019habitatge.<\/p>\n<p>Aquesta investigaci\u00f3 \u00e9s el primer estudi en profunditat sobre l\u2019ocupaci\u00f3 d\u2019habitatges buits a Catalunya, i recull estad\u00edstiques, refer\u00e8ncies i relats vitals que provenen de m\u00e9s de 600 llars ocupades a 70 municipis. \u00c9s el resultat de m\u00e9s d\u2019un any d\u2019investigaci\u00f3 col\u00b7lectiva, rigorosa i militant, realitzada amb el comprom\u00eds de moltxs companyxs que han compartit les seves experi\u00e8ncies, lluites i reflexions.<\/p>\n<p>https:\/\/obrasocialbcn.net\/informe-ockupacio<\/p>\n","protected":false},"excerpt":{"rendered":"<p>Si has esgotat tots els recursos i et trobes que no tens una casa on viure, o et trobes que [&hellip;]<\/p>\n","protected":false},"author":1,"featured_media":0,"parent":304,"menu_order":0,"comment_status":"closed","ping_status":"closed","template":"","meta":[],"_links":{"self":[{"href":"http:\/\/sindicatdebarri.org\/index.php\/wp-json\/wp\/v2\/pages\/339"}],"collection":[{"href":"http:\/\/sindicatdebarri.org\/index.php\/wp-json\/wp\/v2\/pages"}],"about":[{"href":"http:\/\/sindicatdebarri.org\/index.php\/wp-json\/wp\/v2\/types\/page"}],"author":[{"embeddable":true,"href":"http:\/\/sindicatdebarri.org\/index.php\/wp-json\/wp\/v2\/users\/1"}],"replies":[{"embeddable":true,"href":"http:\/\/sindicatdebarri.org\/index.php\/wp-json\/wp\/v2\/comments?post=339"}],"version-history":[{"count":2,"href":"http:\/\/sindicatdebarri.org\/index.php\/wp-json\/wp\/v2\/pages\/339\/revisions"}],"predecessor-version":[{"id":342,"href":"http:\/\/sindicatdebarri.org\/index.php\/wp-json\/wp\/v2\/pages\/339\/revisions\/342"}],"up":[{"embeddable":true,"href":"http:\/\/sindicatdebarri.org\/index.php\/wp-json\/wp\/v2\/pages\/304"}],"wp:attachment":[{"href":"http:\/\/sindicatdebarri.org\/index.php\/wp-json\/wp\/v2\/media?parent=339"}],"curies":[{"name":"wp","href":"https:\/\/api.w.org\/{rel}","templated":true}]}}